*v + 4*r + 56 + 28 = 0, 2*r + 76 = 4*v. What are the prime factors of v?
17
Suppose 98 = 5*c + 4*l - 62, -5*l = -3*c + 59. Suppose c = x + x. List the prime factors of x.
2, 7
Suppose -9 = -3*u + 3. Suppose i - u*i = -48. What are the prime factors of i?
2
Suppose 807 = 5*g - 3*l, 339 = 3*g - l - 146. What are the prime factors of g?
2, 3
Suppose -612 = 2*r - 124. List the prime factors of r/(-16) + 1/(-4).
3, 5
Let o = 7 - 2. Suppose -37 = -o*y + 4*z, 5*y + 2*z - 4 = 3*y. What are the prime factors of y?
5
Let w = -5 - -24. Suppose -2*c - 3*b = -13, b + w = 4*c - 0*c. What are the prime factors of c?
5
Suppose 2*h + 8*q - 4*q + 16 = 0, 3*h - 5*q = 31. Suppose b = -h*b + 36. Suppose -j + b = j. What are the prime factors of j?
2, 3
Let c(w) = -55*w - 43. List the prime factors of c(-3).
2, 61
Let m be 2/3 - (-78)/(-9). Let p = m - -17. What are the prime factors of p?
3
Suppose 20*l - 15*l - 25 = 0. What are the prime factors of l?
5
Let y(a) = a**3 - 6*a**2 + 3*a - 3. Let t be y(6). List the prime factors of 20/t + (-22)/(-6).
5
Suppose 10 = -2*l - y, -7*l - 36 = -2*l - 3*y. Let h = l - -31. Suppose q = 2*q - 3*d - h, -3*q + 4*d = -60. List the prime factors of q.
2
Let l be 34/6 - (-1)/3. Suppose 4*c - 96 = -2*g, c - 3*g + 118 = l*c. List the prime factors of c.
2, 13
Let i(v) = -v**2 - 3*v + 3. Let s be i(-4). Let f(m) be the third derivative of -m**4/8 - m**2. List the prime factors of f(s).
3
Suppose 472 = 9*a - 5*a. What are the prime factors of a?
2, 59
Let h(o) be the third derivative of o**4/6 + o**3/6 - o**2. Let w = -8 + 10. List the prime factors of h(w).
3
What are the prime factors of (1/2 - 69/(-6)) + -2?
2, 5
Let p = 1 - -2. What are the prime factors of (-85)/(-4) - p/12?
3, 7
Suppose 3*i - 5*x - 13 = 113, -x - 126 = -3*i. What are the prime factors of i?
2, 3, 7
Suppose 5*y - 4*o + 30 = -0*o, -y + 2*o - 6 = 0. What are the prime factors of (y/(-9))/((-2)/(-27))?
3
Suppose t - 9 = 2*r, 9 - 3 = -2*r. Suppose -2*b - t*b = -15. Suppose b*z - 23 - 13 = 0. List the prime factors of z.
2, 3
Let d(g) = g**2 - 7*g + 2. Let l be d(7). Suppose 0*y = l*y - 6. List the prime factors of y.
3
Let n = -8 - -20. Suppose 2*r - 30 + n = 0. List the prime factors of r.
3
Suppose 3 = -2*k + 3*k. Let f = 7 - k. Suppose -n - 42 = -3*c + 2*n, -4*c + 40 = f*n. What are the prime factors of c?
2, 3
Let v(m) = 13*m**2 + 4*m - 4. Let w be (1 - -1)*(0 + 1). List the prime factors of v(w).
2, 7
Let h = 1992 - 494. List the prime factors of h/98 - (-2)/(-7).
3, 5
Suppose 2*c = -3*c. Suppose 5 = -y, c = 4*a + 5*y + 30 - 9. Let r = 12 + a. What are the prime factors of r?
13
Let i = -24 - -39. List the prime factors of i.
3, 5
Let c(l) = 3*l + 19. Let v(p) = -14*p - 96. Let j(i) = -11*c(i) - 2*v(i). What are the prime factors of j(-7)?
2, 3
Suppose -5*h = -2*d + 17, -13 + 45 = -3*d - 4*h. List the prime factors of d/3*4*-6.
2
Let t(m) = m**3 + 4*m**2 + 3. Let z be t(-4). Let f(g) = 0 - 3 + 4*g - z*g + 4. What are the prime factors of f(7)?
2
Let u(m) = -m + 19. Let s = -5 + 5. What are the prime factors of u(s)?
19
Let m be (68/(-6))/((-6)/99). Suppose 5*j = m - 42. What are the prime factors of j?
29
Let z(u) be the first derivative of -9*u**2/2 + u + 7. Let h(q) = q - 4. Let k be h(3). What are the prime factors of z(k)?
2, 5
List the prime factors of -13 - -10 - (-1 - 37).
5, 7
Let u be 3*(2 - (-3)/3). Let d(o) = o**2. Let z be d(0). Let p = u - z. List the prime factors of p.
3
Let f(h) = -h**3 - 7*h**2 + 10*h + 8. Let r be f(-8). List the prime factors of (16/(-10))/(r/40).
2
Suppose -t = -5*t. Let u = 9 - 0. Let p = t + u. What are the prime factors of p?
3
Let l(h) = h**2 - 2*h. Let c = -14 + 11. List the prime factors of l(c).
3, 5
Let o be (0 + -1)*-1 - -3. Suppose -v + 15 = g - 3*v, -5*v + 73 = o*g. What are the prime factors of g?
17
What are the prime factors of (-30)/(-165) + (-524)/(-22)?
2, 3
Let k(f) = f + 58. List the prime factors of k(0).
2, 29
List the prime factors of (5 - (-352)/(-12))*-9.
3, 73
Let t be (-74)/26 + (-22)/143. What are the prime factors of 10 + (1 - 4)/t?
11
Let i = 1 + 2. Suppose -28 = -i*t + 41. List the prime factors of t.
23
Let f be (-17)/2*(-4)/2. Let b = f + -12. Suppose -7 - 3 = -2*w + 2*s, 2*w + b*s = 38. What are the prime factors of w?
3
Suppose -4*n = -n - 15. Let a be 3 + 0 + 15/n. Let z(d) = -d**3 + 7*d**2 - 5*d + 2. List the prime factors of z(a).
2
Let f be 6/4*186/9. Suppose f + 74 = 5*m. What are the prime factors of m?
3, 7
Let d be (-4)/(-6) - (-8)/(-3). Let x(k) = -13*k. List the prime factors of x(d).
2, 13
Let p = 344 - 199. What are the prime factors of p?
5, 29
Let t(z) = -8*z - 1. Let v be (-1)/(-3)*(-11 + 8). List the prime factors of t(v).
7
Let o(u) = u**3 - 2 - 3*u - 5 + 4*u - 10*u**2. Let w be o(10). What are the prime factors of (-2)/w - (-29)/3?
3
Suppose 2*l + 29 = -3*w, w + 0*l + 14 = -5*l. Let o(n) = n**3 + 10*n**2 + 8*n - 2. Let t be o(w). Suppose t*m = 2*m + 105. What are the prime factors of m?
3, 7
Let t(i) = 23*i + 4. What are the prime factors of t(2)?
2, 5
Let j = 23 - 13. What are the prime factors of j?
2, 5
Let k(x) = -33*x - 7. List the prime factors of k(-2).
59
Let g(j) = j**3 + 6*j**2 + 7*j - 2. Let c be g(-5). Let u be (20/(-15))/(2/c). Suppose -2*z + u = -2. List the prime factors of z.
5
Suppose -151 = -4*k + 329. What are the prime factors of k?
2, 3, 5
Let a = 13 + -19. Let m(j) = j**2 + 5*j - 4. Let w be m(a). Suppose 0 = -w*c + 4*c - 30. What are the prime factors of c?
3, 5
Let z(w) = w**2 - 9*w + 4. Let r be z(6). Let m = r - -24. Suppose -4*u - m = -22. What are the prime factors of u?
3
Let o = -123 - -179. Let v = o + -35. Suppose 0*z + v = 3*z. List the prime factors of z.
7
What are the prime factors of 12 - 10*8/20?
2
Suppose 88 = 3*f + 19. List the prime factors of f.
23
Suppose -2*k + 2*v - 86 = -506, -20 = 4*v. What are the prime factors of k?
5, 41
Let x = 25 - 7. List the prime factors of x.
2, 3
Suppose -2*l - 24 = -5*d - 9, 0 = l - 2*d + 6. Suppose l = 5*t - t - 44. List the prime factors of t.
11
List the prime factors of 6/(-9) + (-123)/(-9).
13
Let i(t) = -t**3 + 2*t - 1. Let q be i(-2). Let v(o) = -3*o**3 + 2 - 5*o**2 + 0*o**q + 3*o**2 + 2*o. List the prime factors of v(-2).
2, 7
Suppose -2*a + 228 = 5*q + 43, a - 79 = 2*q. List the prime factors of a.
5, 17
Let m(u) = u**3 + 11*u**2 + 11*u + 3. Let f be m(-10). Let d(y) be the second derivative of -y**3/6 - y**2/2 - 2*y. What are the prime factors of d(f)?
2, 3
Suppose -2*z = 3*z - g - 18, 0 = -2*z + g + 6. Suppose -z*f - 17 = 2*v + f, -11 = 5*v + 2*f. What are the prime factors of 10/v*(-3)/6?
5
What are the prime factors of -39*5/25*-5?
3, 13
Let c = 24 - 15. What are the prime factors of c?
3
Let n(z) = -z**2 - 13*z + 16. Let q = -10 - 2. List the prime factors of n(q).
2, 7
Let m = -121 + 503. What are the prime factors of m?
2, 191
Let q(f) = -f**3 + 8*f**2 + 4*f - 12. Let m be q(8). Suppose 5*l + m = 10*l. What are the prime factors of l?
2
Suppose w + 3*w - 16 = 0. Suppose 3*t - w*t = -2. Suppose 0*s + 36 = 4*s + 4*j, 0 = -t*s + 2*j + 18. What are the prime factors of s?
3
Suppose -2*w - 2*j = -48, -4*w + 2*j - 7*j + 91 = 0. List the prime factors of w.
29
Suppose 3*k + 336 = 6*k. What are the prime factors of k?
2, 7
Let n = -55 + 145. What are the prime factors of n?
2, 3, 5
Let q = -23 + -11. Let y = -19 - q. Suppose 4*j + 3*h = 2 + 10, -2*h = -5*j + y. What are the prime factors of j?
3
Suppose z = 2*y + 37, 2*z - y = -4*y + 46. What are the prime factors of z?
29
Let r = -1 - 14. Let s(x) = -x**3 + 7*x**2 + 7*x - 1. Let p be s(8). Let a = p - r. List the prime factors of a.
2, 3
Suppose 391 = 7*p - 281. What are the prime factors of p?
2, 3
Suppose -3*g = -115 + 13. Let r = 62 - g. List the prime factors of r.
2, 7
Let l(j) be the second derivative of -j**4/12 + j**3/2 + j**2 - j. Let v = 9 - 6. List the prime factors of l(v).
2
Let f(a) = a**2 + 11*a - 7. List the prime factors of f(-13).
19
Let r = 5 - 3. What are the prime factors of r?
2
Let l = 5 + -3. Suppose l*d - 14 = 14. What are the prime factors of d?
2, 7
Suppose -2*u + q + 41 = 0, 0 = -2*u - u + 2*q + 63. List the prime factors of u.
19
Let d(g) = -g**3 + 5*g**2 + 5*g + 5. Let i(h) = 4*h**3 - 20*h**2 - 21*h - 20. Le